 4*o, 0*d + 4*d = -o + 15. Suppose -3*r = d*p - 25, 0*p = -3*p - 5*r + 15. What is the remainder when 14 is divided by p?
4
Let b be 37/4 - 5/20. What is the remainder when 37 is divided by (-3)/b - 58/(-3)?
18
Suppose 5*u - 8 = u. Suppose 2*r - u*t = 94, 5*r + t - 265 = -0*r. What is the remainder when r is divided by 18?
16
Let k = -115 - -133. What is the remainder when 24 is divided by k?
6
What is the remainder when 33 is divided by (-6)/90*3*-85?
16
Suppose d = w - 5, -3 = 2*w + 3*d - 18. Suppose 5*o - 2*k = k + 70, -4*k = -2*o + 14. Calculate the remainder when o is divided by w.
5
Let b = -6 - -10. Suppose -2*p = -3*d + b, -6*p + p = -2*d + 21. Let n(v) = -v + 1. What is the remainder when 7 is divided by n(d)?
1
Let o(r) = 27*r - 7. What is the remainder when o(4) is divided by 13?
10
Suppose 0*s - 2 = 2*s + 2*y, -4*s - 5*y - 6 = 0. Calculate the remainder when (0 - s)*-1 + 1 is divided by 2.
0
Suppose -1 = -3*w + 14. Suppose -w*i + 25 = -75. Calculate the remainder when (-2)/5 - (-128)/i is divided by 4.
2
Suppose 0 = -3*r - 14 - 4. Let l = r + 1. Let q = l - -57. What is the remainder when q is divided by 27?
25
Suppose -23 = -2*o + 21. Calculate the remainder when 63 is divided by o.
19
Let t be (-14 + 3 - 3)/2. Let u(c) be the third derivative of -c**4/4 + c**3/3 - c**2. Calculate the remainder when u(t) is divided by 15.
14
Calculate the remainder when 35 is divided by 16/(-40) - (-97)/5.
16
Suppose 0 = -r + 5*r. Suppose 3*v - 5*j + 2 = r, 2*j - 4 = 4. Calculate the remainder when 11 is divided by v.
5
Suppose -8 - 14 = -2*b. Calculate the remainder when 36/30*(-80)/(-3) is divided by b.
10
Let h = 109 - 71. Let n = -65 - -37. Let i = -18 - n. Calculate the remainder when h is divided by i.
8
Let j(z) = -4*z**2 - 57*z + 9. What is the remainder when j(-14) is divided by 3?
2
Let p = -62 + 68. Calculate the remainder when 15 is divided by p.
3
Let i(x) = 2*x**2 + 2*x - 2. Suppose -4*d + 244 = 4*o, -2*o + d = -0*d - 131. Calculate the remainder when o is divided by i(3).
20
Let m(t) = -t**2 - 14*t - 45. Calculate the remainder when 0 - 6*(0 + -1) is divided by m(-6).
0
What is the remainder when ((-108)/20 + 2)*-5 is divided by 4/((-7)/(-5) + -1)?
7
Suppose 16 = -2*d - 5*l + 93, 3*d = -3*l + 102. What is the remainder when 91 is divided by d?
29
Let z(p) = -p - 11. Calculate the remainder when 14 is divided by z(-15).
2
Let o(c) = c**3 + c**2 + 9. Suppose -b + 4 = -22. What is the remainder when b is divided by o(0)?
8
What is the remainder when 5 is divided by 169/65 + (-2)/(-5)?
2
Suppose -g + s = -9, s + 3 - 16 = -g. Calculate the remainder when 75 is divided by g.
9
Suppose -39 = -6*p + p + f, 2*f = -4*p + 34. Calculate the remainder when 13 is divided by p.
5
Suppose -4*n - 54 = -14. What is the remainder when (-4)/n - (-432)/45 is divided by 3?
1
Let c be (-5 + 0)*(-4)/5. Let l = -5 + 9. Suppose -l*f - 3*w + 8 = w, 27 = f - c*w. Calculate the remainder when 20 is divided by f.
6
Let o(i) = i**2 + 12*i + 6. Let x = 3 - -7. What is the remainder when o(-13) is divided by x?
9
Let o(i) = i**2 + 2*i - 2. Let z = 66 + -54. What is the remainder when o(5) is divided by z?
9
Suppose 8*u - 4*u = 24. Calculate the remainder when u is divided by 2.
0
Calculate the remainder when 53 is divided by 5*(-12)/(-4) + 3.
17
Suppose -7*u + 66 + 81 = 0. What is the remainder when u is divided by 8?
5
Let j(l) = -l**2 - l + 28. Calculate the remainder when j(0) is divided by 6.
4
What is the remainder when 23 is divided by 52/6*(-3)/(-2)?
10
Suppose -3*g + 54 = -33. Calculate the remainder when g is divided by 8.
5
Let y = -61 + 35. Suppose 55 = j + 18. Let q = y + j. Calculate the remainder when 32 is divided by q.
10
Suppose -5*i = -3*f - i + 14, -6 = -4*f - i. Let r = 18 - 16. Suppose r*m - 26 = -4*o, o + 10 = 4*m + 3. What is the remainder when m is divided by f?
1
Suppose -5*v = -3*b - 270, v + v = -2*b + 108. Calculate the remainder when v is divided by (132/36)/(2/6).
10
What is the remainder when ((-171)/12)/((-6)/8) is divided by 11?
8
Suppose -5*x = -2*n - 39, 3*n - 3 + 9 = 0. Let g = 27 + -15. What is the remainder when g is divided by x?
5
Suppose -2*k = v - 71, -3*v = -0*k + 3*k - 102. Let x = 66 - k. Calculate the remainder when x is divided by 10.
9
Suppose -65 = -3*r - 5*v, -r + 4*v + 17 + 16 = 0. Calculate the remainder when r is divided by 7.
4
Let y(v) = -3*v + 25. Calculate the remainder when 48 is divided by y(5).
8
Let p(u) = -u**3 - 2*u**2 - u + 36. What is the remainder when p(0) is divided by 20?
16
Suppose -4*f + 24 + 32 = 0. Calculate the remainder when 25 is divided by f.
11
Let h(o) = -o + 2. Let w(j) = 1. Let y(t) = -h(t) + 2*w(t). Let r be y(6). Let l = r + -2. Calculate the remainder when 7 is divided by l.
3
Let i(w) = 2*w. Let c be i(-6). Let b = c + 34. What is the remainder when 64 is divided by b?
20
Suppose -3*z + 5*g + 73 = 19, 5*g = -4*z + 72. Calculate the remainder when 64 is divided by z.
10
Let d = -11 + 85. Suppose 4*n - 226 + d = 0. What is the remainder when n is divided by 13?
12
Let r be (-2)/(0 - -2) + 4. Suppose -89 = r*k + 7. Let c = 51 + k. Calculate the remainder when c is divided by 10.
9
Let s = -2 + 22. What is the remainder when 37 is divided by s?
17
Let g = -15 + 17. Let w be 51/(-9) + (-1)/3. Let l = w - -8. What is the remainder when l is divided by g?
0
Let k = 7 - -8. Suppose -186 = -4*t + 150. Suppose 3*s = -0*s + t. Calculate the remainder when s is divided by k.
13
Let u be 8/8 + 42 + 0. Let o = 78 - u. Calculate the remainder when o is divided by 18.
17
Calculate the remainder when ((-14)/(-56))/(1/6)*2 is divided by 1.
0
Let r = -8 + 11. What is the remainder when ((-22)/6)/(r/(-99)) is divided by 31?
28
Let a(h) = -h**2 - 2*h + 4. Let c be a(-4). What is the remainder when (-1)/(c/130)*2 is divided by 22?
21
Suppose -4*k = -6 + 62. What is the remainder when -1 - (0 - 1) - k is divided by -4*((-18)/(-3))/(-3)?
6
Let k = -16 - -44. Calculate the remainder when k is divided by 19.
9
Suppose 2*q - 2*o + 24 = -2*q, -4 = -o. Let s be 15/(-36)*-3*q. Let m = s + 20. What is the remainder when 29 is divided by m?
14
Let l(y) = 5*y**3 + 9 + 2 - y - 6*y**3 - y**2. What is the remainder when l(0) is divided by 4?
3
Let r = 48 - 34. Suppose -4*j - 69 = 11. Calculate the remainder when r is divided by j*(18/5 + -4).
6
Let v(i) = -1 + i**2 + 5*i**2 - i**2 - 4*i**2 - 2*i. Calculate the remainder when 5 is divided by v(3).
1
What is the remainder when -62*(-5)/10 + 0 is divided by 18?
13
Let j(n) = -13*n - 16. Calculate the remainder when j(-6) is divided by 13.
10
Let s = 30 + -18. What is the remainder when s is divided by 5?
2
Let b = 55 - 42. Calculate the remainder when 62 is divided by b.
10
Let n = 7 + -7. Suppose 3*b - 5 - 40 = n. What is the remainder when b is divided by 8?
7
What is the remainder when 73 is divided by (0 + -1)*(-9 - 2)?
7
Let x = 55 - 45. Calculate the remainder when 13 is divided by x.
3
Let k = 245 + -82. What is the remainder when k is divided by 33?
31
Let k = -14 - -24. What is the remainder when k is divided by 5?
0
Let h be 16/7 + 2/(-7). Suppose -32 = -h*t + 60. Calculate the remainder when t is divided by 12.
10
Suppose -y + 3*f + 2*f = -32, -5*f = y - 2. Calculate the remainder when 31 is divided by y.
14
Let u = -9 - -26. Suppose 0 = -4*j - 25 - 7. Let y(l) = -l**3 - 9*l**2 - 8*l + 6. Calculate the remainder when u is divided by y(j).
5
Suppose 0 = -5*a - 9 + 149. Calculate the remainder when (a/(-7))/((-4)/6) is divided by 4.
2
Suppose 0 = 3*s - 4*s - 2. What is the remainder when 29 is divided by (-1 - s)/(6/90)?
14
Let y(l) = 16*l**2 - 80*l + 101. Let f(h) = 3*h**2 - 16*h + 20. Let i(t) = 11*f(t) - 2*y(t). What is the remainder when 35 is divided by i(16)?
17
Let s = -3 + 3. Let q be 1 - (s - 0)/1. Suppose -r + 39 = q. Calculate the remainder when r is divided by 13.
12
Let o = -52 - -77. Calculate the remainder when 46 is divided by o.
21
Let c = 21 - 32. Calculate the remainder when 42 is divided by (-4 - -5)*c/(-1).
9
Let g(d) = -2*d - 9. Let u be g(-6). Suppose -54 = -3*l - u*o, -5*l - 2 = -o - 92. Let a(n) = n + 3. Calculate the remainder when l is divided by a(7).
8
Let i(a) = -14*a + 1. Let m be i(1). Let f = m + 51. Calculate the remainder